{"id":210,"date":"2023-03-29T20:37:29","date_gmt":"2023-03-29T18:37:29","guid":{"rendered":"https:\/\/raftrek.com\/?post_type=destinations&#038;p=210"},"modified":"2025-11-24T12:51:17","modified_gmt":"2025-11-24T11:51:17","slug":"sibenik","status":"publish","type":"destinations","link":"https:\/\/raftrek.com\/hr\/destinations\/sibenik\/","title":{"rendered":"\u0160ibenik"},"content":{"rendered":"<p>Stoji kao svjedo\u010danstvo spoja kulture, povijesti i zadivljuju\u0107e jadranske ljepote. Smje\u0161ten na dalmatinskoj obali, \u0160ibenik se mo\u017ee pohvaliti bogatom ba\u0161tinom, a njegov najpoznatiji simbol je <a href=\"https:\/\/en.wikipedia.org\/wiki\/%C5%A0ibenik_Cathedral\" target=\"_blank\" rel=\"noopener\">Katedrala sv. Jakova<\/a>. Ovaj lokalitet pod za\u0161titom UNESCO-a remek-djelo je renesansne arhitekture i poznat je po tome \u0161to je u potpunosti izgra\u0111en od vapnenca.<\/p>\n<h4>\u0160ibenik, povijesni obalni grad u Hrvatskoj<\/h4>\n<p>Srednjovjekovna jezgra grada, s uskim vijugavim ulicama i povijesnim trgovima, stvara privla\u010dnu atmosferu za istra\u017eivanje. \u0160ibenske tvr\u0111ave, uklju\u010duju\u0107i Tvr\u0111avu sv. Mihovila i Tvr\u0111avu sv. Nikole, svjedo\u010de o strate\u0161koj va\u017enosti grada kroz povijest.<\/p>\n<p>Blizina <a href=\"https:\/\/raftrek.com\/tour\/krka-cycling-trip-croatia\/\">Nacionalnog parka Krka<\/a> omogu\u0107uje jednostavno istra\u017eivanje zadivljuju\u0107ih slapova Krke, dodaju\u0107i prirodnu dimenziju cjelokupnom do\u017eivljaju.<\/p>\n<p>Sa svojom kombinacijom povijesnih dragulja, obalnog \u0161arma i kulturnog bogatstva, \u0160ibenik pru\u017ea o\u010daravaju\u0107u destinaciju za sve koji tra\u017ee autenti\u010dno hrvatsko iskustvo. Bilo da \u0161etate drevnim ulicama, divite se arhitektonskim \u010dudima ili u\u017eivate u jadranskom povjetarcu, grad nudi predivan spoj pro\u0161losti i sada\u0161njosti na obali Jadrana.<\/p>\n<p>&nbsp;<\/p>\n<p><em><strong>ZANIMLJIVOST: Kratka vo\u017enja od 15 minuta dovest \u0107e vas do stogodi\u0161nje gradske pla\u017ee Jadrija. Tamo \u0107ete prona\u0107i \u0161armantne kabine s vratima u raznim bojama, koje stanovnici \u0160ibenika koriste kao spremi\u0161ta za pla\u017ene potrep\u0161tine poput le\u017ealjki, suncobrana i stolova za piknik.<\/strong><\/em><\/p>\n","protected":false},"excerpt":{"rendered":"<p>Stoji kao svjedo\u010danstvo spoja kulture, povijesti i zadivljuju\u0107e jadranske ljepote. Smje\u0161ten na dalmatinskoj obali, \u0160ibenik se mo\u017ee pohvaliti bogatom ba\u0161tinom, a njegov najpoznatiji simbol je Katedrala sv. Jakova. Ovaj lokalitet pod za\u0161titom UNESCO-a remek-djelo je renesansne arhitekture i poznat je po tome \u0161to je u potpunosti izgra\u0111en od vapnenca. \u0160ibenik, povijesni obalni grad u Hrvatskoj [&hellip;]<\/p>\n","protected":false},"author":1,"featured_media":47196,"menu_order":31,"comment_status":"closed","ping_status":"closed","template":"","meta":{"_acf_changed":false,"footnotes":""},"class_list":["post-210","destinations","type-destinations","status-publish","has-post-thumbnail","hentry"],"acf":[],"_links":{"self":[{"href":"https:\/\/raftrek.com\/hr\/wp-json\/wp\/v2\/destinations\/210","targetHints":{"allow":["GET"]}}],"collection":[{"href":"https:\/\/raftrek.com\/hr\/wp-json\/wp\/v2\/destinations"}],"about":[{"href":"https:\/\/raftrek.com\/hr\/wp-json\/wp\/v2\/types\/destinations"}],"author":[{"embeddable":true,"href":"https:\/\/raftrek.com\/hr\/wp-json\/wp\/v2\/users\/1"}],"replies":[{"embeddable":true,"href":"https:\/\/raftrek.com\/hr\/wp-json\/wp\/v2\/comments?post=210"}],"version-history":[{"count":6,"href":"https:\/\/raftrek.com\/hr\/wp-json\/wp\/v2\/destinations\/210\/revisions"}],"predecessor-version":[{"id":48540,"href":"https:\/\/raftrek.com\/hr\/wp-json\/wp\/v2\/destinations\/210\/revisions\/48540"}],"wp:featuredmedia":[{"embeddable":true,"href":"https:\/\/raftrek.com\/hr\/wp-json\/wp\/v2\/media\/47196"}],"wp:attachment":[{"href":"https:\/\/raftrek.com\/hr\/wp-json\/wp\/v2\/media?parent=210"}],"curies":[{"name":"wp","href":"https:\/\/api.w.org\/{rel}","templated":true}]}}

Šibenik

<p>Stoji kao svjedočanstvo spoja kulture, povijesti i zadivljujuće jadranske ljepote. Smješten na dalmatinskoj obali, Šibenik se može pohvaliti bogatom baštinom, a njegov najpoznatiji simbol je <a href="https://en.wikipedia.org/wiki/%C5%A0ibenik_Cathedral" target="_blank" rel="noopener">Katedrala sv. Jakova</a>. Ovaj lokalitet pod zaštitom UNESCO-a remek-djelo je renesansne arhitekture i poznat je po tome što je u potpunosti izgrađen od vapnenca.</p>
<h4>Šibenik, povijesni obalni grad u Hrvatskoj</h4>
<p>Srednjovjekovna jezgra grada, s uskim vijugavim ulicama i povijesnim trgovima, stvara privlačnu atmosferu za istraživanje. Šibenske tvrđave, uključujući Tvrđavu sv. Mihovila i Tvrđavu sv. Nikole, svjedoče o strateškoj važnosti grada kroz povijest.</p>
<p>Blizina <a href="https://raftrek.com/tour/krka-cycling-trip-croatia/">Nacionalnog parka Krka</a> omogućuje jednostavno istraživanje zadivljujućih slapova Krke, dodajući prirodnu dimenziju cjelokupnom doživljaju.</p>
<p>Sa svojom kombinacijom povijesnih dragulja, obalnog šarma i kulturnog bogatstva, Šibenik pruža očaravajuću destinaciju za sve koji traže autentično hrvatsko iskustvo. Bilo da šetate drevnim ulicama, divite se arhitektonskim čudima ili uživate u jadranskom povjetarcu, grad nudi predivan spoj prošlosti i sadašnjosti na obali Jadrana.</p>
<p>&nbsp;</p>
<p><em><strong>ZANIMLJIVOST: Kratka vožnja od 15 minuta dovest će vas do stogodišnje gradske plaže Jadrija. Tamo ćete pronaći šarmantne kabine s vratima u raznim bojama, koje stanovnici Šibenika koriste kao spremišta za plažne potrepštine poput ležaljki, suncobrana i stolova za piknik.</strong></em></p>

<p>Stoji kao svjedočanstvo spoja kulture, povijesti i zadivljujuće jadranske ljepote. Smješten na dalmatinskoj obali, Šibenik se može pohvaliti bogatom baštinom, a njegov najpoznatiji simbol je Katedrala sv. Jakova. Ovaj lokalitet pod zaštitom UNESCO-a remek-djelo je renesansne arhitekture i poznat je po tome što je u potpunosti izgrađen od vapnenca. Šibenik, povijesni obalni grad u Hrvatskoj [&hellip;]</p>
